r**2 - 2*r - 13. Let n be b(-10). Suppose -11*o = -n*o - 484. What is the greatest common factor of 11 and o?
11
Let r(s) = -s**3 - 6*s**2 + 32*s + 205. Let g be r(-5). Calculate the highest common divisor of 68 and g.
4
Suppose 157*k - 2*a = 161*k - 78, k = -a + 18. Calculate the highest common divisor of k and 777.
21
Let j = -434 - -230. Let x be (-2)/(-7) + 2 + j/(-21). Calculate the greatest common divisor of 4 and x.
4
Suppose 2*g = -5*k + 395, -2*g + 7*g = 5*k - 430. Let t = 133 - k. What is the greatest common factor of t and 13?
13
Let t(r) = r**3 + 14*r**2 + 6*r - 1. Let s be t(-13). Suppose 0 = -0*x - 5*x + s. Calculate the highest common divisor of 6 and x.
6
Suppose 0 = -5*k + 3*q + 315, -4*k + 5*q + 252 = -0*k. What is the highest common factor of 99 and k?
9
Let v = 279 + -732. Let c be v/(-11) + (-32)/176. Suppose 43 = 7*j - c. What is the highest common divisor of 8 and j?
4
Let f(c) = -2*c**3 - 6*c**2 + 7*c + 7. Let g be 10/4*(-6 + 2). Let a be 3/2*g/3. Let x be f(a). Calculate the greatest common divisor of 8 and x.
8
Let l be (9/(-3) + 2)*1. Let u(z) = z**3 + z**2 + 1. Let c be u(l). Calculate the highest common divisor of 9 and c.
1
Let v(k) = 17*k - 5. Let r = 16 + -11. Let g be v(r). Suppose -12 = 3*l, f + 4*f - 2*l = 168. Calculate the greatest common factor of g and f.
16
Let t be 24/(-4)*2/(-6). Suppose -4*d = t*s + 22 + 6, -3*d - s = 20. Let k be ((-27)/d)/((-5)/(-70)). Calculate the greatest common divisor of 7 and k.
7
Let a be (-1 - 0) + 47 + -3 + 2. Calculate the highest common divisor of 18 and a.
9
Let j = -1603 - -1610. Let p be ((-105)/(-9))/(1/3). Calculate the greatest common factor of p and j.
7
Suppose 2*w = 8, -5 - 1 = -g + w. Let n(f) = -f**3 + 19*f**2 - 59*f - 44. Let y be n(14). What is the greatest common divisor of g and y?
10
Let q = 600 + -590. Let k(a) = 2*a - 4. Let j be k(4). What is the greatest common factor of j and q?
2
Suppose 4 = 2*a - 10. Suppose -3*v = 3*n - 0*n + 693, 0 = v - 4. Let w be 2/a - n/35. What is the highest common factor of w and 35?
7
Suppose 0 = -4*p + 5*m + 80, -2*p - 3 = -5*m - 43. Let k be ((-1 - 7) + 6)*(-70 + 0). What is the greatest common factor of p and k?
20
Let r be (-310)/(-5)*(-2 + 3). Let y = -21 + r. Suppose i + 5*n - 45 = 0, i + n - y = -0*i. Calculate the highest common divisor of i and 60.
20
Let w(i) = 18*i + 808. Let g be w(-32). Calculate the greatest common divisor of g and 24.
8
Let i(s) = 16*s - 44. Let y be i(-5). Let n = -116 - y. Calculate the greatest common divisor of n and 8.
8
Suppose -352 = -5*q - 2*a, -3*q + 163*a + 236 = 158*a. What is the greatest common factor of 63 and q?
9
Suppose 0 = a - 2*l - 39, -3*a + 2 = -3*l - 109. Suppose 3*s + 70 = 4*s. Calculate the greatest common divisor of a and s.
35
Suppose 13*n - 31 = 12*n. Calculate the highest common divisor of n and 341.
31
Let j be (12/14)/((-4)/(-1022)). What is the highest common factor of 146 and j?
73
Let q(s) = 4*s**2 + 5*s - 2. Let x be q(4). Suppose -4*k - 94 = -2*a, 28 + 25 = a - 4*k. What is the highest common factor of x and a?
41
Suppose n = 5 - 3. Suppose 0 = 5*t + n*q - 560, 3*q - 235 = -3*t + t. Calculate the highest common factor of t and 44.
22
Let s(l) = 2*l + 176. Let c be 67/13 + (-16)/104. Suppose -2*b = -c*b. Let h be s(b). What is the highest common factor of h and 16?
16
Let r(n) = -21*n**3 + 2*n**2. Let m be r(2). Let s be (m/(-25))/(1/5). Let q = s + 0. What is the greatest common factor of 8 and q?
8
Suppose -71 = -3*m + 5*w, -5*m + 14*w = 9*w - 125. Calculate the highest common divisor of 459 and m.
27
Suppose -5*c - 275 = -3*z, -3*c = -2*z - 5*c + 194. What is the highest common divisor of z and 38?
19
Suppose -9*x - 56 = -13*x. Calculate the greatest common factor of x and 77.
7
Suppose -28380 = -5*a - 28*a. Calculate the greatest common divisor of a and 4.
4
Let k(u) = -16*u. Let q be k(1). Let t = -5 + 17. Let j be (-50)/(-2 - q/t). What is the greatest common factor of 30 and j?
15
Let a(k) = -2*k + 1. Let u be a(-1). Let x = -1 + u. Let y(f) = -7*f + 40. Let m be y(5). What is the highest common divisor of x and m?
1
Let b = -33 - -64. Let z = b - 24. What is the greatest common divisor of 35 and z?
7
Let c be (1*-5 + 1)*-14. Let b(z) = -5*z + 12*z - 5*z - 6 - 8. Let a be b(11). Calculate the highest common divisor of c and a.
8
Let g(f) = -f + f - 8*f. Let k be g(-1). Let w = -3030 + 3062. Calculate the highest common divisor of w and k.
8
Let w = -92 - -195. Let l = 167 - w. Let n = -37 + l. What is the highest common factor of n and 3?
3
Suppose -2 + 0 = -2*b, -4*y = -2*b - 138. What is the highest common factor of 1715 and y?
35
Suppose -70 = t - 6*t + 2*m, t - 36 = -4*m. What is the greatest common divisor of 44 and t?
4
Let k be (36/(-15))/(-4) + 531/15. Suppose 2*y = -y + k. What is the greatest common divisor of y and 6?
6
Let q be -5 + 3 + 0 + 3. Suppose -3*f = 4 - q, -f - 25 = -2*x. What is the highest common factor of 84 and x?
12
Let b be ((-3)/6)/((-46)/3588). What is the greatest common factor of 416 and b?
13
Let c = 4 + -9. Let g(x) = 22*x + 340. Let z be g(-15). Let m = z + c. What is the greatest common divisor of m and 10?
5
Let q be 18/2*6 - -3. What is the greatest common factor of q and 114?
57
Let q be 0*(-4 - 0)/4. Suppose q = -5*n + 11 + 314. Let g = -35 + n. What is the highest common divisor of 30 and g?
30
Let f(v) = v**3 - 20*v**2 - 22*v + 29. Let u be f(21). Calculate the highest common factor of 2 and u.
2
Let x(v) = 8*v - 1. Let h be x(1). Suppose -3*g = -4*g. Suppose -k + 12 + h = g. What is the highest common divisor of k and 38?
19
Let k(o) = -o**2 + 6*o - 7. Let q be k(10). Let i = q + 65. What is the highest common factor of 45 and i?
9
Let q be 38/(-247) + (-2)/(-13). Suppose q = 2*u - 60 - 24. What is the highest common divisor of 28 and u?
14
Let z = 22 - 19. Let h be (-9)/z + (-5 - -15). Suppose -40 - 9 = -s. What is the greatest common factor of s and h?
7
Let o(x) = x**3 + 42*x**2 - 4*x + 53. Let w be o(-42). What is the greatest common factor of w and 13?
13
Let f(a) = -4*a**3 - 6*a**2 + 4*a + 5. Let w be f(-5). Calculate the highest common divisor of 67 and w.
67
Let t be (-328)/12*((-30)/(-1))/(-2). Suppose -4*x = -350 - t. Calculate the highest common divisor of x and 10.
10
Suppose -4*t = -i + 6*i - 80, 0 = -t - 5. Let y be (-2)/(-2)*i*1. Calculate the greatest common factor of y and 50.
10
Suppose -4*n + 125 = n. Let m = -2 + n. Suppose 0*z + 5*z - 230 = 0. What is the greatest common divisor of z and m?
23
Let y be (-7202)/(-234) + (-2)/(-9). Suppose -2*u + 5*i + 27 = 0, -2*u - 3*i + 4 = -y. What is the greatest common divisor of 64 and u?
16
Suppose 4*v - 14 = -2*p, -2*p + v - 7 + 1 = 0. Let g be 2*p/6*792/(-8). What is the highest common divisor of 44 and g?
11
Let u(w) = 2*w**2 - 25*w + 36. Let d be u(11). Calculate the highest common divisor of d and 366.
3
Let a(x) = -2*x**3 - 15*x**2 + 4*x - 15. Let d be a(-8). Let t be -2*(-3)/(-4)*10. Let h = d + t. What is the greatest common divisor of 6 and h?
2
Let w be (-4 - (-38)/8)*52. Calculate the greatest common divisor of 39 and w.
39
Let u(c) = c**2 + 3*c + 2. Let d be u(5). What is the greatest common factor of 266 and d?
14
Suppose 4*r = -4*x + 12, 2*r + 3*x - 23 = 6*r. Let n = r + 3. Let h(k) = -2*k - 8. Let p be h(-8). Calculate the highest common factor of n and p.
1
Let a(r) = -r**2 - 22*r - 75. Let i be a(-15). What is the highest common divisor of 70 and i?
10
Let b = 354 - 343. Calculate the highest common divisor of b and 352.
11
Suppose -n + 11 = 3*i, 5*n - 5*i + 9 = 4. Suppose n*k = -3*b + 5, -3*k + b = -2*b - 45. What is the highest common divisor of k and 40?
10
Let o = -22024 + 22026. Suppose 2*j = -0*j + 100. What is the greatest common divisor of j and o?
2
Let u be (-81)/(-6) + 1/(-2). Let s(l) be the second derivative of -3*l**3 + 17*l**2/2 - 17*l. Let q be s(-7). What is the greatest common factor of u and q?
13
Let h(d) = -6*d. Let r be h(-6). Let u be (5 - 232/16 - 4)*-2. What is the greatest common factor of r and u?
9
Let c be 500/42 - (-7 - (-725)/105). Calculate the highest common divisor of c and 228.
12
Suppose 15 = -5*n - 20. Let p be (n*30/5)/(-1). Calculate the greatest common factor of p and 56.
14
Let s(y) = -15